is the highest common divisor of s and w?
12
Let s be 130/3*6/20*6. What is the greatest common divisor of s and 12?
6
Let q(z) = 23*z**2 - z - 1. Let c be q(-1). Let m = c + -20. What is the greatest common divisor of 3 and m?
3
Let z be ((-2063)/(-9) - 1) + 72/(-324). What is the greatest common divisor of 57 and z?
57
Let k = 130 + 673. Calculate the highest common divisor of k and 11.
11
Let b(v) = v**3 + 10*v**2 - 10*v + 25*v - 1 + v**2 + 2. Let y be b(-6). What is the greatest common divisor of 13 and y?
13
Suppose -262 - 1038 = -10*d. Calculate the highest common divisor of d and 455.
65
Suppose 3*f + 1 = -3*a + 2*a, -12 = 3*f. Let s be a - 2/10*5. What is the greatest common factor of 80 and s?
10
Suppose -27 = 3*u + 2*n - 135, -5*u + 180 = -4*n. What is the greatest common divisor of u and 18?
18
Suppose u + 3*d + 102 = -2*u, -4*d = -4*u - 136. Let f be (u/51)/(4/(-30)). Let a = 17 + 3. Calculate the highest common factor of f and a.
5
Let t = -242 - -251. What is the highest common divisor of t and 2?
1
Let h be 92/5 + 18/(-45). What is the highest common divisor of h and 45?
9
Suppose -87*d + 31*d + 168 = 0. Suppose -2*a - 8 = -s + 3, 3*s + 3*a + 12 = 0. Let w be d*4/3 + s. What is the highest common factor of 2 and w?
1
Let z be 2/6*28*1035/230. What is the highest common divisor of 42 and z?
42
Suppose 136*m - 137*m = -52. Calculate the greatest common factor of 208 and m.
52
Let t(v) = 5*v - 7. Let q be t(4). Suppose -17*c = -q*c. Suppose c*p - 2*w + 16 = 4*p, -3*p + 5*w = 1. What is the highest common factor of 15 and p?
3
Suppose 10*l = 31*l - 4410. Calculate the greatest common factor of l and 12.
6
Suppose -17*a + 4068 = -1882. What is the highest common divisor of 140 and a?
70
Suppose 2*q = -2*q + 36. Let w(m) = 20*m - 6. Let r(x) = 7*x - 2. Let k(h) = -17*r(h) + 6*w(h). Let t be k(q). What is the highest common factor of 77 and t?
7
Suppose -87 = -c + 5*k, -4*c = -c - 4*k - 228. Let o = 489 + -481. What is the highest common divisor of o and c?
8
Let z be 3 + -5 + 22 - 2. Let s be ((-6)/z)/((-3)/36). Suppose s*g - 2*l - 231 = l, 290 = 5*g - 4*l. Calculate the highest common factor of 18 and g.
18
Let b be 2/(-10) + (-33)/(-15). Suppose b*g = -5*w + 27, -4*w - g - 3*g + 12 = 0. Calculate the highest common divisor of 28 and w.
7
Let f = -718 + 729. Calculate the greatest common divisor of f and 3.
1
Let u(c) = -2*c + 3. Let z be u(-5). Let f = 3 + z. Let p = 329 + -201. What is the greatest common factor of p and f?
16
Suppose -18*z = 20*z - 2888. What is the highest common divisor of z and 285?
19
Suppose 21*q = 28*q - 2387. Calculate the greatest common factor of 31 and q.
31
Suppose -2*o = 5*c - 3*c + 2, -3*c - 11 = 5*o. Let d be (-3 - -6)/(c/110). Let k be 1188/55 + (-6)/(-15). What is the highest common divisor of d and k?
22
Let b(c) = c**3 - 12*c**2 - c + 17. Let x be b(12). Let n be 10*12/(2 + 1). What is the greatest common divisor of x and n?
5
Let n(p) = -2*p**2 + 35*p + 28. Let y be n(12). Calculate the highest common factor of 64 and y.
32
Let t = 96 + -56. Calculate the greatest common factor of 320 and t.
40
Suppose 2*q - 515 = -3*c, 2*c - 529 = -c + 5*q. Suppose -3*i = -4*v + c + 723, 4*i + 896 = 4*v. Calculate the highest common factor of v and 14.
14
Let r(t) = -43*t**3 - t**2 + t + 1. Let g(d) = d - 16. Let y be g(15). Let w be r(y). What is the greatest common factor of 28 and w?
14
Let y = -70 - -61. Let j be (y/4*-2)/(6/16). Calculate the highest common divisor of j and 96.
12
Suppose 2*y - 4*p = 20 - 4, 3*y = 3*p + 21. Suppose -n + y*n - 90 = 0. Let q(t) = -251*t - 53. Let c be q(-1). What is the greatest common factor of c and n?
18
Suppose 32120 = 157*j - 135*j. What is the highest common factor of 20 and j?
20
Let d = -2449 - -4942. Calculate the highest common divisor of 9 and d.
9
Let w be ((-430)/25 - -1)*20/(-6). What is the highest common divisor of w and 918?
54
Let f(i) = i**2 + i. Let p be f(-2). Let r = 261 - 220. Suppose -2*g + 4*t = p*g - 44, 2*t - r = -5*g. What is the greatest common divisor of 99 and g?
9
Suppose -13*i - 8 = -14*i. Suppose i*b - 3*b = -3*s + 14, -s + 23 = -2*b. Calculate the greatest common divisor of 117 and s.
13
Let p = 44 + 22. Suppose -x - 4*m = -p, 8*x - 4*m - 214 = 5*x. Calculate the highest common divisor of x and 14.
14
Suppose 5 = -6*k - 1. Let l be 59 + (1 - -1) + k. Calculate the greatest common divisor of 24 and l.
12
Let i = 120 - 41. Let n = i + -58. Let f be (5 + (1 - -1))*2. What is the highest common divisor of f and n?
7
Let z = -31 - -34. Suppose -z*n = n + 4*k - 88, -2*k - 124 = -5*n. What is the highest common factor of n and 8?
8
Let z = -162 - -225. Calculate the highest common factor of 21 and z.
21
Suppose -t - 4 = t - 2*f, 0 = -3*t - 4*f + 29. Let m = 5 - t. Suppose 0 = -m*l - 0*l + 16. Calculate the highest common divisor of 12 and l.
4
Let m(s) = s**3 + 10*s**2 + 8*s - 10. Let x be m(-9). Let k be (33/12)/(x/(-4)). Let t = 209 + -132. Calculate the greatest common divisor of k and t.
11
Let n be (5 + 50/(-3))*-12. What is the greatest common factor of n and 80?
20
Suppose w + 142 = 5*d, -5*w = 4*d - d - 74. Suppose 0 = o - d + 4. Suppose 0 + 26 = 5*i + 4*n, 34 = 5*i - 4*n. What is the greatest common divisor of i and o?
6
Let y(i) = 251*i + 65. Let w be y(5). What is the highest common divisor of 20 and w?
20
Let f be 4/(-5 - -1)*0. Suppose 2*d - 107 - 421 = f. What is the greatest common divisor of 24 and d?
24
Let l = 131 - 203. Let j = l - -306. Calculate the greatest common factor of j and 39.
39
Suppose -2*i - k + 242 = 3*k, 2*i = 5*k + 242. Calculate the greatest common divisor of i and 22.
11
Let c(h) = 5*h**2 + 2*h - 33. Let d be c(3). What is the greatest common divisor of d and 66?
6
Suppose 0 = 5*y + 33 - 93. Suppose -c + y = -18. Calculate the greatest common factor of 45 and c.
15
Let k be ((-10)/40)/((-1)/4). Let y be -3 + k + -6 + 134. Let s(i) = -5*i - 2. Let q be s(-4). What is the highest common divisor of q and y?
18
Let u = -3 - -7. Suppose 672 = 8*p - u*p. Suppose 42 = 5*b - 63. What is the highest common divisor of b and p?
21
Suppose 2*p - 19 = 13. Let s be 22/3 - p/(-24). What is the greatest common factor of s and 24?
8
Let r(y) = -y - 6. Let i be r(-14). Let a be 29 - 12/(i + -4). Let u = 138 + 148. Calculate the greatest common factor of u and a.
26
Let n = -36 + 29. Let y(b) = -b**3 - 3*b**2 + 2*b - 3. Let w be y(-4). Let k = w - n. Calculate the highest common factor of k and 12.
12
Suppose 3161 = 14*m - 2789. Calculate the highest common factor of m and 17.
17
Let b(k) = -k**2 - 2*k + 4. Let c be b(-3). Let p = c + 4. Suppose -2*g + 5*n = 3*g - 55, -p*g = 5*n - 45. Calculate the greatest common factor of 30 and g.
10
Let r be 2 + -1 + 8 + -1. Let h = -195 + 106. Let a = h - -153. Calculate the highest common divisor of a and r.
8
Suppose -5*s = -2*h, -5*s + s + 28 = 4*h. Suppose -h*l + 120 = -15. Let w = -9 + l. What is the highest common divisor of 180 and w?
18
Let z be 1*((-1 - 3) + -17). Let d be -3 + (-1 - (z - 1)). What is the greatest common factor of d and 12?
6
Let n(d) = d + 1 + 8 + 0*d - 2. Let a be n(-6). Let h(f) = 14*f**3 + f**2 + f - 1. Let u be h(a). What is the highest common factor of u and 75?
15
Let p be -1*(-3 + (-8)/(-2)). Let c be (p/(-3))/(1/6). Suppose 0 = -4*s - u + 41, 0 = -s - u - c*u + 2. Calculate the highest common factor of s and 77.
11
Suppose -i + 153 = -3*r - 8, 3*i - 483 = 5*r. Calculate the greatest common divisor of i and 56.
7
Let a be (-64)/10 - 6/(-15). Let n be a/(-4) + (-1)/(-2). Let m(w) = -6*w**2 + 37*w + 16. Let d be m(0). Calculate the greatest common factor of d and n.
2
Suppose -2*p = 70*x - 67*x - 11468, 5*x + p = 19104. What is the greatest common divisor of x and 20?
20
Suppose -9*v + 232 + 155 = 0. What is the greatest common factor of 86 and v?
43
Let y be (-6)/(-12) + (-1 - (-5)/2). Let w be y/(-3) - 606/(-18). Calculate the highest common factor of 3 and w.
3
Let v = 1145 + -705. What is the highest common divisor of 330 and v?
110
Let d(k) = -k**2 - k. Let u be d(0). Suppose u*i = 3*i + 2*f - 102, i - 29 = f. Suppose -q + 1 = -i. What is the highest common factor of q and 3?
3
Let r(u) = u**3 + 13*u**2 - 3*u - 19. Let k be r(-11). Suppose -k = -68*l